+ k - 15. Give b(17).
-2
Let v(q) = q**3 - 10*q**2 + 7*q + 17. Let c(k) = 2*k**3 - 20*k**2 + 14*k + 33. Let b(f) = 4*c(f) - 7*v(f). What is b(9)?
-5
Let z(d) = -d + 9. Let g be z(7). Suppose 3*o + 2*w + 0*w = 23, 0 = g*o - 2*w - 2. Let q(t) = 0*t + o - t + 3*t - t. Determine q(-5).
0
Let f(x) = x + 6. Let p be f(-2). Let b be ((-5)/(10/p))/(-2). Let d(v) = 9*v**2 - v. Calculate d(b).
8
Let v(b) = -2*b**2 + b - 1. Let w(l) = l**3 + 5*l**2 + 4*l + 7. Let t be w(-5). Let k = t - -15. Give v(k).
-7
Let o(a) be the third derivative of a**4/24 + a**3/2 - a**2 - 129*a. Let x = -17 + 12. Determine o(x).
-2
Suppose 5*m - 2*n = 10, -4 = 2*m + 2*m - 4*n. Let u(g) = 586*g**2 + 2*g - 588*g**2 - 2 - m - 2*g**3 + 5. Determine u(1).
-3
Let y(k) = k**2 + 2*k + 2. Let g be (11/3 - (-18)/(-27)) + 102. Let b = 103 - g. Give y(b).
2
Let m = 13 - 10. Let n(b) = 55*b**2 + 3*b - 4*b + m - 56*b**2. Calculate n(0).
3
Suppose -4*j = -0*j - 4. Let x(c) = -2*c + 2. Let u(y) = y - 1. Let g(q) = 11*u(q) + 6*x(q). Determine g(j).
0
Let m(u) be the second derivative of 0 - 1/6*u**3 + 8*u - u**2 - 1/2*u**4 - 1/20*u**5. Determine m(-6).
4
Let u(r) = r**2 - 22*r - 455. Let k be u(35). Let d(a) = a - 55. Determine d(k).
-55
Let z(t) be the first derivative of -t**3/3 + 3*t**2/2 - 3*t + 80. Calculate z(2).
-1
Let b(u) = -u + 42 + 0*u - 21 - 19. Suppose 5*t - 3*w + 4 = 0, t + 4*w - 10 = 3*t. What is b(t)?
1
Suppose -8 - 8 = -2*g. Suppose -f + 3*b = -3, f + 4*b = 7 - 39. Let s = g + f. Let d(o) = -3*o - 6. Determine d(s).
6
Let l be 20 + 1 + (0 - 0). Suppose 0 = -6*q + 3*q + l. Let c(o) = o**3 - 7*o**2 - 2*o + 4. Determine c(q).
-10
Let i(u) = u**3 + 0*u - 13*u - 7 + 6*u**2 + u + 6*u**2. What is i(-13)?
-20
Let f be (-1)/1*(-1)/(-1). Let i(n) = 2*n - 1. What is i(f)?
-3
Let p(g) = -2*g + 10. Suppose -29*n + 12*n + 85 = 0. What is p(n)?
0
Suppose 5*i + 45 = -5*g, -g = -4*i - 33 + 27. Let d(h) = 13 + 2*h + h - 6. Calculate d(g).
-11
Let n(s) = 6*s**2 - 16*s - 5*s**2 + 9*s. Give n(5).
-10
Let j(i) = i + 6. Suppose 5*s - 4*p - 66 = 0, -2*p = 2*p - 4. Let l be ((-18)/14 - -1) + (-38)/s. Calculate j(l).
3
Suppose -3*g + 5*x = 34, 11*g - 3*x = 6*g - 30. Let z(o) = 2*o**3 + o**2 - 5*o - 3. Determine z(g).
-33
Let g(y) = 0*y**2 - y**2 + 0 + 2*y + 2. Let l = 17 + -9. Suppose -c = -5*t + l + 14, -5*c - 3*t + 2 = 0. Calculate g(c).
-6
Let o(u) = -2*u + 32*u**2 - 642 - 641 + 6*u**2 - 2*u**2 + 1285. Give o(1).
36
Suppose 5*f + 15 = 2*a, -3 = -4*a - a + f. Let w(i) = 940*i**3 - 2 - 465*i**3 + 8 + i**2 + i - 476*i**3. Determine w(a).
6
Suppose 0 = 3*o + 3*n - 0*n + 18, 2*o = n - 12. Let b(s) = s**2 + s - 1. Let d(j) = 5*j**2 + 3*j - 1. Let q(y) = 6*b(y) - d(y). Determine q(o).
13
Let p(y) = -2*y + 31. Let d be p(15). Let u(c) = c**3 + c + 1. Let q(m) = 2*m**3 - 5*m**2 - 7*m + 10. Let f(l) = d*u(l) - q(l). Determine f(6).
3
Let l(a) = -2*a**3 + a**2 + a - 1. Suppose 2*q + 13 = 2*v + q, -2*v - 5*q = 17. Let f be v/(-14)*7/1. Let k be 1*-2 + f + 6. Calculate l(k).
-11
Let l(t) = -4*t + 4. Let b(u) = u - 1. Let x(a) = -5*b(a) - l(a). Suppose -45 = 2*y - 19. Let w(z) = z + 13. Let v be w(y). Give x(v).
1
Suppose 0 = t + h + h + 7, 5*t = 4*h + 7. Let f = 7 - 5. Let k(w) = -3 + 0*w**f - w**2 + 2. Determine k(t).
-2
Let w(f) be the second derivative of f**3/6 - 7*f**2/2 + 138*f. What is w(0)?
-7
Let m(d) be the third derivative of -1/60*d**6 + 0*d**3 - 7*d**2 + 0*d + 1/30*d**5 + 0 + 0*d**4. What is m(2)?
-8
Let k(l) = l**3 - l**2 + l + 2. Let r(p) = 3*p**3 - 5*p**2 + 4*p + 8. Let w(m) = -4*k(m) + r(m). Give w(2).
-12
Let s(i) be the second derivative of 2*i**2 + 46*i + 0 - 5/6*i**3 - 1/12*i**4. Give s(-5).
4
Let m(k) = -2*k + 8. Suppose -5*s = -6*s + 46. Suppose -47*n + 9 = -s*n. Determine m(n).
-10
Let a = -26 - -21. Let u(c) = -2*c - c**3 + c + 4 - 156*c**2 + 151*c**2. What is u(a)?
9
Suppose 30*t - 9*t - 21 = 0. Let z(f) = 13*f**2 - 1. What is z(t)?
12
Let a(n) be the third derivative of 1/24*n**4 - 1/3*n**3 + 0 + 0*n - 13*n**2. Let r be 4/(-5)*10/(-2). Determine a(r).
2
Let a be 90/(-210) - 9/(-21)*-6. Let f(n) = -5*n**3 - 5*n**2 - 9*n - 6. Let b(r) = r**3 + r**2 + r + 1. Let j(y) = -6*b(y) - f(y). Calculate j(a).
9
Let h(g) = -19*g + 108. Let i(j) = -46*j + 217. Let o(r) = 5*h(r) - 2*i(r). Calculate o(36).
-2
Let t(v) = -v**2 - 9*v + 2. Let o be t(-9). Let m(r) = 8*r**2 - 7*r**o - 1 + 4*r + 0*r. What is m(-6)?
11
Let g(u) = -2*u - 8. Let l(x) = -10*x - 10. Let s be l(-2). Let n be ((-13)/5 - -2) + (-54)/s. Determine g(n).
4
Suppose -2 = 5*y + 3. Let k(u) = -6*u**2 - 2. Let c(i) = 3*i**2 + 1. Let m(t) = 5*c(t) + 3*k(t). What is m(y)?
-4
Let l(z) be the first derivative of 4*z**2 - z - 1. Let w(p) = -7*p - 79. Let i be w(-13). Let n = i - 14. What is l(n)?
-17
Let s(m) = 8*m + 39. Let b(o) = -6*o - 28. Let x(v) = -3*b(v) - 2*s(v). Determine x(-5).
-4
Let d = -7 + 13. Suppose d*b = 10*b - 36. Suppose -7*j + b*j = 8. Let s(x) = 2*x - 5. What is s(j)?
3
Suppose -b = 4*w + 1, 2*b + 8*w - 9*w = 7. Let d(s) = -s**3 + 3*s**2 - 3*s - 3. Determine d(b).
-12
Let i be (-4 - (-35)/10)*2. Let g(f) = f**2 + f + 1. Let s(b) = 3*b**2 - 6*b - 6. Let a(n) = i*s(n) + 4*g(n). Give a(-10).
10
Suppose -3*f - 74 + 23 = 0. Let m(b) = b**3 + 18*b**2 + 16*b - 13. Determine m(f).
4
Let k(h) = h + 38*h**3 - 2*h + 4*h - 4*h + h**2 + 22 - 24. What is k(-1)?
-38
Let t(g) = 2*g**2 - 9*g + 15. Let b be t(2). Let l(o) = o**2 - 3*o - 6. Give l(b).
4
Let u be (0 - 1)/(1/(-13)). Let k be u - (-9)/(-1 + -2). Let r(o) = 2*o + 3*o**3 - 7 + 2*o**2 - k*o**2 + 4*o**2 - 4*o**3. Determine r(-5).
8
Let m(p) = 13*p**2 - 2 - 4*p + 7*p**2 + 3*p - 22*p**2. Determine m(-2).
-8
Suppose -3*o - 2*q + 12 = 22, 0 = -5*o - 2*q - 14. Let u(i) = -4*i + 3. What is u(o)?
11
Let o(t) = t**2 + 8*t + 2. Let c = -27 + 19. Let b be o(c). Let s(f) = -f - b*f - 3*f - 4*f**2 + 5*f**2 + 1. Determine s(4).
-7
Suppose 3*h + 2*o - 3 - 24 = 0, 0 = -4*h + 3*o + 36. Let q(z) = 5*z**2 - 28*z + 9. Let k(w) = w**2 - 7*w + 2. Let g(d) = h*k(d) - 2*q(d). What is g(-8)?
-8
Suppose 4*r = k - 16, 0 = -7*k + 6*k + 5*r + 21. Let q(o) = -o + 2. Determine q(k).
6
Let z(c) = 2*c**2 + 49*c - 27*c + 0*c**2 + 0 - 20*c + 2. Determine z(-4).
26
Let l(b) = 8*b + 2. Let t be 4*6/8 + -3 + -1. Calculate l(t).
-6
Let j be 35/(-420) - (28/16 + -2). Let w(y) be the second derivative of -j*y**3 + 0 + 5/2*y**2 - 11*y. Give w(5).
0
Let j(k) = 8*k**2 + 8*k**2 - 6*k + 2*k + 10 - 15*k**2 - 2*k. Determine j(6).
10
Let q(s) = -2*s**3 + 16*s**2 - 12*s - 16. Let i be q(7). Let p(a) = -a**2 + 2*a + 4*a**2 + 2*a**2 - 2 + a**3 - 3*a**2. Determine p(i).
-6
Let m(u) = 3*u - 12 - 3*u - 2*u + 0*u - 7. Determine m(-11).
3
Let t(a) = 4*a - 11. Let r(l) = -5*l + 11. Let k(d) = -3*r(d) - 4*t(d). Let u be 8/2 - (21 + -22). Give k(u).
6
Let q(h) = h**2 - 11*h + 10. Let v be (-108)/189 - 134/(-14). Calculate q(v).
-8
Suppose -19*q - 8 = -23*q. Suppose m = q*s - 11, 2*s + 0*m - 9 = -m. Let x(h) = h**2 - 4*h + 4. Calculate x(s).
9
Let r(u) = -u**2 + 8*u - 7. Let c be r(7). Suppose 2*k - 8 = -c*k. Let q(z) be the third derivative of -z**5/60 + z**4/4 - z**3 + 14*z**2. Give q(k).
2
Let r be (3/(6/(-10)))/(145/(-58)). Let g(o) = 6*o - 52*o**2 + 43*o**r + 3*o - o**3. Calculate g(-10).
10
Let x be (-8)/(-52) - 330/4680. Let r(h) be the second derivative of -7/6*h**3 + x*h**4 - 7*h + 3*h**2 + 0. Calculate r(7).
6
Let v(o) be the second derivative of -7*o**3/6 + 14*o**2 + 437*o. What is v(4)?
0
Let f = -1 + 3. Let h(p) = -p**2 + 10*p - 16. Let s be h(8). Let n(v) = 2*v - 4*v + s + 3 - 2*v. Calculate n(f).
-5
Let t(w) = w + 0*w - w**3 + 2*w**3 - 3*w**2 - 345 + 348. Let v = -10 - -13. Determine t(v).
6
Let u(h) = -h**3 - h**2 + 3*h + 5. Suppose 2*l = -5*p, -12*p = -15*p + l - 11. Calculate u(p).
3
Let n(s) be the second derivative of -5*s**4/4 - s**2/2 - 7*s. Suppose 0 = -2*p + 57 - 55. Give n(p).
-16
Let n(m) = m**2 - 5*m + 3. Suppose i = 2*j + 10, 14 = -j - 0*j + 5*i. Let z(v) = -v - 9. Let u be z(j). Let a be -1 - -1 - (u - -1). What is n(a)?
-1
Let u be 4/(-3) - (-6)/(-45)*5. Let k(j) = 6*j**2. Let g(w) = 17*w**2 + w + 1. Let l(h) = 3*g(h) - 8*k(h). Determine l(u).
9
Let v(d) = 3*d - 2. Let c = -5 + 7. Let s be v(c). Let t(y) = 4 - 3*y + s*y - 5. Give t(-2).
-3
Let h(w) = -2*w**2 + 7*w + 1. Suppose 32*g = -3*g + 140. What is h(